2?
7
What is the hundreds digit of 9186880?
8
What is the hundred thousands digit of 5133218?
1
What is the thousands digit of 1293164?
3
What is the millions digit of 5691819?
5
What is the hundreds digit of 202326?
3
What is the millions digit of 1305039?
1
What is the hundred thousands digit of 388265?
3
What is the hundreds digit of 17911776?
7
What is the thousands digit of 3299126?
9
What is the hundred thousands digit of 2136935?
1
What is the units digit of 562005?
5
What is the hundred thousands digit of 1896871?
8
What is the ten thousands digit of 21184060?
8
What is the thousands digit of 1421310?
1
What is the ten thousands digit of 3517454?
1
What is the millions digit of 1715180?
1
What is the thousands digit of 628064?
8
What is the hundreds digit of 401387?
3
What is the hundreds digit of 771957?
9
What is the thousands digit of 190651?
0
What is the hundred thousands digit of 421680?
4
What is the hundreds digit of 10840670?
6
What is the units digit of 241543?
3
What is the hundreds digit of 958192?
1
What is the ten thousands digit of 3500012?
0
What is the ten thousands digit of 53288?
5
What is the thousands digit of 131732?
1
What is the ten thousands digit of 3925938?
2
What is the hundred thousands digit of 4654306?
6
What is the thousands digit of 253134?
3
What is the thousands digit of 3416034?
6
What is the hundreds digit of 25154155?
1
What is the thousands digit of 1948777?
8
What is the hundreds digit of 4274486?
4
What is the thousands digit of 162096?
2
What is the units digit of 2316047?
7
What is the tens digit of 22569436?
3
What is the ten thousands digit of 159526?
5
What is the tens digit of 205645?
4
What is the hundred thousands digit of 12430068?
4
What is the thousands digit of 1799965?
9
What is the hundred thousands digit of 276302?
2
What is the ten thousands digit of 230373?
3
What is the tens digit of 2622147?
4
What is the ten thousands digit of 1343697?
4
What is the hundred thousands digit of 12949779?
9
What is the millions digit of 29782730?
9
What is the units digit of 9921000?
0
What is the tens digit of 1792424?
2
What is the hundreds digit of 624265?
2
What is the tens digit of 104047?
4
What is the millions digit of 10439685?
0
What is the hundred thousands digit of 12048552?
0
What is the hundred thousands digit of 2228561?
2
What is the ten millions digit of 12121589?
1
What is the units digit of 498277?
7
What is the hundreds digit of 9967182?
1
What is the ten thousands digit of 383696?
8
What is the ten thousands digit of 18936838?
3
What is the hundreds digit of 24373?
3
What is the units digit of 2635353?
3
What is the ten thousands digit of 306209?
0
What is the hundreds digit of 43900?
9
What is the hundred thousands digit of 188024?
1
What is the hundred thousands digit of 292840?
2
What is the units digit of 4995587?
7
What is the tens digit of 16552124?
2
What is the tens digit of 2256298?
9
What is the thousands digit of 115871?
5
What is the hundreds digit of 524972?
9
What is the thousands digit of 30304?
0
What is the hundred thousands digit of 1762014?
7
What is the hundreds digit of 306154?
1
What is the hundred thousands digit of 1967871?
9
What is the hundreds digit of 203554?
5
What is the thousands digit of 19201556?
1
What is the tens digit of 494147?
4
What is the tens digit of 2461355?
5
What is the hundred thousands digit of 1184267?
1
What is the hundred thousands digit of 798433?
7
What is the hundred thousands digit of 6241783?
2
What is the hundred thousands digit of 1009585?
0
What is the hundred thousands digit of 1291767?
2
What is the units digit of 7943248?
8
What is the hundred thousands digit of 5504479?
5
What is the units digit of 5710739?
9
What is the tens digit of 105337?
3
What is the millions digit of 1224970?
1
What is the units digit of 15315269?
9
What is the hundred thousands digit of 736355?
7
What is the ten thousands digit of 299104?
9
What is the hundreds digit of 1991799?
7
What is the thousands digit of 250685?
0
What is the ten thousands digit of 1710187?
1
What is the units digit of 25928617?
7
What is the tens digit of 749819?
1
What is the units digit of 2879498?
8
What is the tens digit of 5664059?
5
What is the ten thousands digit of 387583?
8
What is the thousands digit of 2652166?
2
What is the hundred thousands digit of 1101365?
1
What is the ten thousands digit of 3646123?
4
What is the hundred thousands digit of 241023?
2
What is the tens digit of 809591?
9
What is the units digit of 8143224?
4
What is the ten thousands digit of 6360247?
6
What is the ten thousands digit of 28569?
2
What is the thousands digit of 3209899?
9
What is the hundred thousands digit of 3888221?
8
What is the units digit of 15048?
8
What is the ten thousands digit of 1113647?
1
What is the hundreds digit of 320410?
4
What is the units digit of 276138?
8
What is the tens digit of 1428807?
0
What is the units digit of 1140626?
6
What is the millions digit of 4773629?
4
What is the hundreds digit of 1512658?
6
What is the hundred thousands digit of 273645?
2
What is the hundreds digit of 767767?
7
What is the ten thousands digit of 1441039?
4
What is the units digit of 7801382?
2
What is the tens digit of 663444?
4
What is the hundreds digit of 5574818?
8
What is the millions digit of 3337537?
3
What is the units digit of 16620122?
2
What is the units digit of 553019?
9
What is the units digit of 4577213?
3
What is the ten thousands digit of 5970825?
7
What is the tens digit of 2226036?
3
What is the hundreds digit of 278903?
9
What is the thousands digit of 377909?
7
What is the thousands digit of 617287?
7
What is the ten thousands digit of 26302239?
0
What is the ten thousands digit of 379836?
7
What is the ten thousands digit of 986185?
8
What is the hundred thousands digit of 157824?
1
What is the tens digit of 40357398?
9
What is the hundreds digit of 913315?
3
What is the millions digit of 1135621?
1
What is the tens digit of 504790?
9
What is the tens digit of 756298?
9
What is the tens digit of 701984?
8
What is the units digit of 111164?
4
What is the ten thousands digit of 249566?
4
What is the ten thousands digit of 72478?
7
What is the hundreds digit of 4767176?
1
What is the hundreds digit of 4098?
0
What is the hundreds digit of 48891?
8
What is the tens digit of 11193877?
7
What is the tens digit of 623464?
6
What is the tens digit of 744406?
0
What is the tens digit of 2532456?
5
What is the ten thousands digit of 2403398?
0
What is the ten thousands digit of 352025?
5
What is the hundred thousands digit of 10232833?
2
What is the hundreds digit of 324818?
8
What is the hundreds digit of 7569981?
9
What is the tens digit of 2728238?
3
What is the ten thousands digit of 3805320?
0
What is the hundreds digit of 28951171?
1
What is the hundred thousands digit of 1824556?
8
What is the tens digit of 484431?
3
What is the thousands digit of 481225?
1
What is the units digit of 2581885?
5
What is the hundreds digit of 17586432?
4
What is the hundred thousands digit of 675775?
6
What is the hundred thousands digit of 122217?
1
What is the hundreds digit of 49091?
0
What is the units digit of 1889876?
6
What is the tens digit of 2764517?
1
What is the hundred thousands digit of 4963770?
9
What is the tens digit of 183006?
0
What is the units digit of 998275?
5
What is the millions digit of 1346876?
1
What is the hundred thousands digit of 205350?
2
What is the hundreds digit of 435373?
3
What is the ten thousands digit of 5442094?
4
What is the tens digit of 350146?
4
What is the thousands digit of 45409?
5
What is the tens digit of 252678?
7
What is the ten thousands digit of 177224?
7
What is the ten thousands digit of 5616743?
1
What is the tens digit of 535239?
3
What is the units digit of 2849?
9
What is the units digit of 6704865?
5
What is the hundred thousands digit of 3576378?
5
What is the ten thousands digit of 515275?
1
What is the millions digit of 28951445?
8
What is the thousands digit of 426982?
6
What is the hundred thousands digit of 9078164?
0
What is the units digit of 446749?
9
What is the units digit of 6118573?
3
What is the thousands digit of 618362?
8
What is the millions digit of 3703286?
3
What is the hundred